*2 - x - 2. Suppose 4*n + r - 31 = -0*n, 1 = -r. Let z(k) = -k + 1. Let w be z(n). Let i = 7 + w. Calculate c(i).
-2
Suppose n = 3*n. Let s(d) = -d + 1. Let l(x) = -8*x + 2. Let y(f) = -l(f) + 6*s(f). Let q(a) = -a. Let w(r) = 3*q(r) + y(r). What is w(n)?
4
Let d = 3 + 0. Let f(o) = o + o**d - 1 + 2 + 2*o - 4*o**2 - o. Give f(3).
-2
Let t = -2 - 0. Let o(b) = b + 2. Let n be o(t). Let f(c) = 0 - 4 - c + 2 + 3. Calculate f(n).
1
Let k(p) = p + 1. Let y(x) = -1. Let z(q) = 2*k(q) + y(q). Suppose -2*v + 7 = -b, -2*v - 5*b - 7 - 16 = 0. What is z(v)?
3
Let j = 10 - 15. Let k(v) be the first derivative of v**5/120 + v**4/12 + v**3 - 3. Let n(i) be the third derivative of k(i). What is n(j)?
-3
Let a(l) = l**2 - 7*l + 12. Let g = -175 + 183. Give a(g).
20
Let j(p) = p + 8. Suppose -1 = -v, v + 6 = 3*o - 2. Suppose -l = -3*y - y + 5, -l - 5 = o*y. Determine j(y).
8
Let v(i) = -i**2 - 2*i - 2. Let a be (0 - (2 - -1))/1. Determine v(a).
-5
Suppose -22*k = -24*k + 4. Let g(b) = -b. What is g(k)?
-2
Let n(f) = 2 - 2 + 4*f - 1. Give n(3).
11
Let y(z) = 2 - 9 - 2 + z - 2. Let k(v) = v - 5. Let g(h) = -13*k(h) + 6*y(h). Suppose 4*x - 4*m + 23 = x, -20 = -4*m. Give g(x).
6
Let n(r) be the first derivative of r**2/2 + 9*r - 1. Calculate n(0).
9
Let t(w) = w**2 + 5*w + 3. Let z(y) = y**3 + y**2 - 2*y. Let d be z(-2). Suppose 3*j + 5*m - 1 + 0 = d, -3*m - 3 = 3*j. Let u = j + 0. Determine t(u).
-3
Let p be 2/(-5) + (-6)/(90/(-21)). Let b(h) = -4 - 5*h + 3 + 2*h. Determine b(p).
-4
Let n(l) = -l**3 + 2*l**2 + l + 1. Let c be n(2). Let a(q) be the first derivative of -q - q**2 + 5 + q**c + 2*q + 0*q - 2. Determine a(1).
2
Suppose -3*z - 7 = -4*h, 0 = -5*h + 3*z - z + 14. Let m be (-5)/(-2) + 3/(-6). Let a(l) = 0*l**2 - 2 - 3*l + l**m + 0. What is a(h)?
2
Let h(l) = 4*l**3 - 12*l**2 + 13*l - 15. Let d(k) = 11*k**3 - 35*k**2 + 38*k - 44. Let s(u) = -3*d(u) + 8*h(u). Give s(8).
-4
Let d(x) = -2*x - 4. Suppose -2*p = -3*p - 8. Calculate d(p).
12
Let t be (-16)/6*63/14. Let u = t + 17. Let g(d) = -2*d + 7. Determine g(u).
-3
Let k(p) = -34*p**2 + 35*p**2 - 3 + 5 + 11 - 10*p. Determine k(10).
13
Let j be 1 + -3 + (-28)/(-7). Let s(u) = -u**j - 4 + 0*u**2 - 3*u - 2*u + 2*u**2. Determine s(6).
2
Let w(q) = 12*q**3 + q - 23*q**3 + 12*q**3. Give w(0).
0
Suppose 2*o = -a - 2*a + 18, -4*o - 18 = -3*a. Let y(h) = -h**3 + 7*h**2 - 6*h + 1. Let c be y(a). Let z(t) = 12*t - 1. Give z(c).
11
Let l be -2 - (1 - (-1 - -2)). Let s(z) = -2*z - 2. Let x(f) = 3*f + 3. Suppose -5*r - 50 = -5*i, 2*r = -3*r - 5*i. Let t(d) = r*s(d) - 3*x(d). Give t(l).
-1
Let o(b) = b - 1. Let d = 1 - -1. Suppose -3*c - 1 = -2*t - 3, 5*t - 4 = 3*c. Suppose -d*h + 0*l + 6 = t*l, -2*l = h - 8. Give o(h).
-3
Let m be 3 + 2*1/(-2). Let w be ((2 - m)/(-3))/(-2). Suppose -q - 2*l - 34 = -6*q, 5*q + 2*l - 26 = w. Let g(n) = n - 5. Calculate g(q).
1
Let j(t) = -t**3 - 11*t**2 - 10*t + 3. Let b be j(-10). Let r(n) = b - 4*n + 6*n - n. Suppose 4*m = m. What is r(m)?
3
Let u(x) = -3*x - 3 + 3 - 4*x. Give u(-1).
7
Let l(d) = -d**2 + 7*d - 4. Let g = -98 + 49. Let u be 3/(-21) + (-301)/g. Calculate l(u).
2
Let i(q) be the third derivative of -1/24*q**4 + 0 + 0*q - 4*q**2 + 1/60*q**5 - 1/6*q**3. Suppose -r = 3, 0 = -h - h - 5*r - 9. Give i(h).
5
Let v = -28 + 30. Let q(d) = -3*d**2 + 4*d - 2. What is q(v)?
-6
Let b(f) = -f**3 - f**2 - f + 5. Let x(y) = y**2 + 11*y. Let l be x(-11). Suppose l*p = p. Determine b(p).
5
Let u(d) = d**3 - 6*d**2 + 6*d + 1. Let q = -17 + 25. Let r = 6 - q. Let m be ((-20)/(-8))/((-1)/r). Calculate u(m).
6
Let s be 3*(3 - 26/6). Let p(n) be the second derivative of -n**3/6 - 5*n**2/2 + 2*n. What is p(s)?
-1
Let g(j) = j**2 + 8*j + 4. Let y be g(-5). Let i = 10 + y. Let c(t) = -t + 8. Let s(u) = -u + 5. Let f(n) = 5*c(n) - 8*s(n). Give f(i).
-3
Let g = -4 + 8. Let l(m) = -3 + 3 - 1 + m**2 + g - 3*m. Calculate l(4).
7
Let x(l) = l**3 + l**2 + l + 12. Let y be (-20)/4 - -3 - -5. Suppose 0 = y*o - 5*o. Calculate x(o).
12
Let b be 2 - (2 - 0/(-2)). Let g be 1*(-1 - b)*3. Let m(z) = z**2 + 3*z. Determine m(g).
0
Let a = 30 - 3. Let t be 2/3*a/6. Let n(v) = -2*v**2 - 1 + 0*v**3 + 2*v**3 + 3*v**3 + 2*v + 0*v**t. Calculate n(1).
4
Suppose -n = -6*n - 30. Let g be 7 - n/(-2 + -1). Let r(p) = -p**2 + 5*p + 7. Give r(g).
7
Let d(s) = -1 + 4*s**2 - 3*s**2 + 2*s + 0. Suppose -l = 4*j - 24, l + 0*l - 29 = -5*j. Let q = 6 - j. Give d(q).
2
Let s(x) = -27*x**3 + 8*x**2 + 3*x. Let o(g) = 9*g**3 - 3*g**2 - g. Let u(t) = -8*o(t) - 3*s(t). Suppose 2*w + 1 = 3*m, -11 = -5*w - 4*m - 2. Give u(w).
8
Let l be (-5)/(-3) + -1 + 4/3. Let n(m) = 6*m - 3. Determine n(l).
9
Let x(d) be the third derivative of -d**4/8 - d**3/2 - d**2. Let w = 51 + -30. Suppose 5*l + 13 = c, -6*l - w = -l + 3*c. What is x(l)?
6
Suppose -9 = -10*m + 7*m. Let r(s) = -1 + 7 - m*s + s**2 - 3*s. Give r(4).
-2
Let b(f) = f - 3. Let g be b(8). Suppose 5*d - 10 = -0*d. Let c(k) = -3 - k + 1 + 3 - d. Calculate c(g).
-6
Let b(k) = -k**3 - 6. Suppose -3 = 3*t + 60. Let a be 6/t + 74/14. Suppose 0 = a*p - 5*s, -p + 0*p - 3*s = 0. Give b(p).
-6
Suppose -3 = -4*d + 5. Let x(h) = 5 - h**d + 16*h - 7*h - 8*h. Suppose -k + 21 = 5*f - 3, -2*k = -5*f + 12. Give x(k).
-7
Let t(b) be the first derivative of -5*b**2 + b - 59. Give t(1).
-9
Suppose -4*v + 3 = 15. Let f(c) = -c**2 - c + 1. What is f(v)?
-5
Let y(s) = -s**3 + 6*s**2 - 2*s - 4. Suppose 17 = 6*n - 19. Calculate y(n).
-16
Let n(m) = -m**2 + 2*m + 3. Suppose -q - 2*q + 1 = 2*j, -2*q = -3*j - 18. Give n(q).
0
Let d(t) be the third derivative of t**4/12 - t**3/2 + t**2. What is d(-3)?
-9
Let a(b) = b - 3. Let l(y) = 6*y + 9. Let c(h) = h. Let p(t) = -5*c(t) + l(t). Let o = 5 - 9. Let u be p(o). Determine a(u).
2
Suppose 0 = -5*c + 5*s + 25, 3*c + 5*s - 2 + 3 = 0. Let t(n) = n + 3. Determine t(c).
6
Let d(l) = l**3 + 5*l**2 - 7*l - 4. Let f be d(-6). Let r(v) = -2 - v**3 - v**f + v + v**2. Let o = 8 + -8. Give r(o).
-2
Let v(m) be the third derivative of m**5/12 - m**4/24 - 2*m**3/3 + 5*m**2. Let f(y) be the first derivative of v(y). Calculate f(1).
9
Let v(z) be the second derivative of -z**3/6 - 3*z**2/2 - 8*z. Calculate v(-6).
3
Let y(p) = -6 - p**2 - 3*p - 4*p + 2*p. Give y(-6).
-12
Let s = 79/48 + -13/16. Let j(i) be the second derivative of -s*i**3 + 0 + i + 3/2*i**2. Give j(3).
-12
Let s(f) = f**2 - 21*f - 8. Let x(g) = -5*g - 2. Let w(r) = -2*s(r) + 9*x(r). Let y(v) = -v**2 - v. Let m(h) = w(h) - 3*y(h). Give m(-2).
2
Let k(r) = 10*r + 4. Let f(v) = -20*v - 9. Suppose -8 = 2*u - 26. Let p(n) = u*k(n) + 4*f(n). What is p(-1)?
-10
Suppose 0 = -l + 5*y + 3, 0 = -2*l + 2*y - 2 + 8. Let o(q) = -q + 4. Give o(l).
1
Suppose -4*a + 7 = -5*z - 25, z - 5 = -3*a. Let c(t) = -t - t**2 - 3 + a + 2*t. Calculate c(2).
-2
Let o(j) = -j + 10. Suppose -5*c - 3 + 28 = 0. Calculate o(c).
5
Suppose t = 3*t - 8. Let p(z) = -z**3 + 3*z**2 + 4*z - 1. Calculate p(t).
-1
Suppose -2*p - 20 = -6*p. Let v = p - -2. Let h(b) = 5*b + 5 + 2*b + b - v*b. Calculate h(0).
5
Let v(d) = 120*d + d**2 + 3 - 111*d + 0*d**2. Determine v(-7).
-11
Let y = 15 + -21. Let n = 18 + 24. Let c(z) = -z**2 - 6*z + 17 - n + 19. What is c(y)?
-6
Let u(x) be the first derivative of -x**2 - 11*x + 12. What is u(-8)?
5
Suppose 0 = -2*l + 9 - 3. Let u(q) = -q**2 - q. Calculate u(l).
-12
Let a(l) be the third derivative of -l**4/24 + l**3/3 + 19*l**2 + l. What is a(-7)?
9
Let g(u) = -u**3 - u**2 + 3*u + 3. Let d be g(-2). Let o(a) = -10*a. Calculate o(d).
-10
Let b(n) = n. Let p(r) = -r**2 - 9*r. Let x(l) = -3*b(l) - p(l). Determine x(-5).
-5
Suppose f = -f - 5*i + 7, i = 5*f + 23. Let n(s) = -2*s - 6. What is n(f)?
2
Let p(f) = 5*f**2 - 2*f + 1. Let q = 2 + 2. Let t = -3 + q. What is p(t)?
4
Let u(c) be the third derivative of 7*c**6/120 - c**5/30 - c**4/12 - c**3/6 - 4*c**2. What is u(-1)?
-8
Let j(v) = -v**2 + 2*v - 2. Let y be j(3). Suppose -8 = -4*a, 2*u + 2*a = -2 + 10. Let d(t) = 7 - 5*t - 4*t**2 + u*t**3 - t**3 + 8*t**2. Give d(y).
7
Let p(l) = -l**3 + 4*l**2 - 2*l + 4. Suppose -9 = -2*k - 3. Suppose k*f - 4*c - 7 = -3*c, -19 = -3*f - 5*c. Determine p(f).
7
Let a(b) = -b + 4. Let m be a(3). Let j be (2/2)/(m/(-5)). Let s(l) be the second derivative of l**3/2 + 7*l**2/2 - 89*l. Determine s(j).
-8
Let b be 1 - (0 - (2 - -17)). Suppose 3*m - b =